Suppose 5*o - 11*o = 0. Suppose r - 36 + 1 = -4*p, 5*p - r - 46 = o. Calculate the greatest common factor of p and 9.
9
Suppose 0*w + 2 = -2*w - 3*s, -2*s = 2*w. Let p(z) = 3*z**2 + 4*z. Let b be p(-2). Suppose -n + b*n = 6. Calculate the highest common divisor of w and n.
2
Let j = 17 - 7. Let t(w) = -8*w - 18. Let h(i) = -i**2 - 2*i - 6. Let n be h(0). Let m be t(n). What is the greatest common divisor of j and m?
10
Suppose -3*z + 82 = 31. Suppose -84*i + 204 = -72*i. Calculate the highest common divisor of i and z.
17
Let p be (-4 - -69) + 38/(-19). Calculate the highest common factor of 77 and p.
7
Let d(s) = 3*s**2 - 10*s + 4. Let r be d(7). Suppose 5*a + g - r = 5*g, -87 = -5*a - 2*g. Calculate the greatest common factor of 136 and a.
17
Suppose -4*o = -22 - 18. Let y be ((-4)/(-4) - -1)*o. Suppose 0*f = f - 5. Calculate the highest common factor of y and f.
5
Let y = 15 - -3. What is the highest common divisor of y and 54?
18
Suppose -4*q = -2*d - 12 - 38, 55 = 2*q + 5*d. Calculate the highest common divisor of q and 1605.
15
Suppose -4*t + 15 = 3. Suppose p + 4*j + 12 = 0, p - 5*j - 5 = 37. Calculate the highest common factor of t and p.
3
Suppose 2*b + 0*b - 34 = 0. Let r(l) = -l**3 + 7*l**2 - 6*l - 7. Let j be r(5). Let c = j - -21. Calculate the greatest common factor of b and c.
17
Suppose -5*w + 8 = -292. Let x = -125 - -565. Suppose -n - 10*n = -x. Calculate the greatest common divisor of n and w.
20
Let n be 22 + 1 + -9 + (-8)/(-2). Calculate the highest common divisor of 96 and n.
6
Let q(n) = 3*n**2 - n - 22. Suppose -3*i - g - 3 + 14 = 0, 15 = -i - 5*g. Let s be q(i). Calculate the greatest common factor of 72 and s.
24
Suppose 13*t - 4*t - 2907 = 0. Calculate the greatest common factor of t and 95.
19
Let k = -150 + 384. Suppose 0 = 2*l + 3*b - 81, 4*l + 3*b + 63 - k = 0. What is the highest common factor of l and 9?
9
Suppose -u - 2*c = -727, u = -7*c + 10*c + 737. What is the highest common divisor of u and 43?
43
Suppose -4*a = -204 + 60. Suppose -5*d + 6*x + 196 = 10*x, -d + 5*x + 16 = 0. Calculate the greatest common divisor of a and d.
36
Let o be (-1)/4 + (-242)/(-8). Let d = -3424 + 3499. What is the greatest common divisor of o and d?
15
Let i be (-6)/10*35/7. Let f(j) = -j**3 + 2*j**2 + 5*j + 3. Let g be f(i). Suppose -5*t + 127 + g = 0. What is the greatest common factor of 256 and t?
32
Suppose -264 = -3*c - 5*c. Let x = 7 + -3. Suppose x*g - c = g. Calculate the greatest common factor of 121 and g.
11
Let g be 472/(-10)*-1 + (-2)/10. Suppose 3*q - 7*q + v = -34, 0 = 5*q + v - g. Calculate the greatest common divisor of q and 99.
9
Suppose -4*v + 3*h + 49 = 0, -3*h + 2*h = -3*v + 38. Suppose 3*z - v = -4. Suppose -u = z*u - 252. Calculate the greatest common factor of u and 9.
9
Suppose -8*h + 1175 - 175 = 0. Let l = -107 + h. What is the highest common factor of l and 198?
18
Let a = 3 + 2. Suppose -4 = a*t + 16, u + 4*t = -16. Suppose 5*y = -f - u*y + 233, -4*f + 827 = -y. Calculate the highest common factor of 26 and f.
26
Let z be 2/(-3) - (310/(-15) + 6). Suppose f = -3*f + 168. Calculate the highest common factor of f and z.
14
Let z be 0/(-1) - -3 - 1. Let t be -1 - (z - (7 + 0)). Suppose 6 + 74 = t*x. What is the highest common factor of 8 and x?
4
Let y(o) = 9*o**3 - 3*o**2 + o - 3. Let q be y(-3). Let j = 416 + q. Let n = -28 + 48. Calculate the highest common factor of j and n.
20
Let y = -136 - -344. Let v = -158 + y. Calculate the greatest common divisor of 75 and v.
25
Suppose -4*m + 3*g + 68 = -g, 4*g = 0. Suppose -3*d = -8*d + 1110. Suppose 0 = -a + d - 69. Calculate the highest common factor of a and m.
17
Suppose -4*z + a + 11 = 0, -1 - 1 = -z + a. What is the greatest common divisor of z and 183?
3
Let c be 36/(-3) + 0 + 3. Let p(v) = 2*v + 20. Let d be p(c). What is the highest common divisor of 5 and d?
1
Let l(f) = 17*f + 2. Let m be l(2). Let b be (8/(-3))/(13 - 238/18). Calculate the greatest common divisor of m and b.
12
Let z = 1316 - 1278. Let k be (-209)/(5/(-2) - -2). Calculate the greatest common factor of k and z.
38
Suppose n = -3*t + 2*t + 14, -5*t = 4*n - 70. What is the highest common factor of t and 56?
14
Suppose g = -3*q + 23, 4*q + 4*g = 18 + 10. Suppose -2*m - 2*a - 14 = -4*m, -m = 4*a + q. What is the greatest common factor of 44 and m?
4
Let o(f) be the third derivative of -31*f**4/24 + f**3/2 - 43*f**2. Let v be o(-2). Calculate the greatest common factor of v and 13.
13
Let q be 12/28 + 389/7. What is the highest common factor of q and 12?
4
Suppose -n - n - 5*s + 70 = 0, 0 = n + s - 32. Suppose 5*t - 6*v - 300 = 0, 3*t - v + 60 = 4*t. What is the highest common divisor of n and t?
30
Let j = 367 + -197. What is the greatest common divisor of 68 and j?
34
Suppose 4*a = -4, -a - 66 = -f - 4*f. Let s = 2918 + -2775. What is the highest common factor of f and s?
13
Let d = -211 - -220. Suppose 32 = 4*k - 28. What is the highest common factor of d and k?
3
Suppose -5*f + 214 = 4*l - 8*l, -4*f - l + 188 = 0. Calculate the greatest common factor of 299 and f.
23
Let t(w) = -2*w - 2. Let v(i) = -i + 5. Let m be v(5). Suppose m = 2*x + x + 18. Let a be t(x). Calculate the highest common factor of a and 50.
10
Let u be (2/(-3))/(1/(-18)). Let z(n) = 2 - 182*n + 182*n - n**2 - 11*n**3. Let b be z(-1). Calculate the greatest common divisor of b and u.
12
Let w = -3 - -6. Suppose -2*c = -19 - w. Suppose 4*s - 14 = 382. What is the greatest common factor of s and c?
11
Suppose 2*u - 10 = -5*d, 0 = -2*d - 2*d + 2*u - 10. Suppose 2*h + d*h = z + 19, 3*z = 2*h - 25. What is the highest common divisor of h and 8?
8
Suppose -f - 3*y + 6 - 1 = 0, 5*y + 29 = f. Let h = 97 + 499. Suppose 4*t = 4*d + h, 0*d + 174 = t + 4*d. Calculate the highest common divisor of t and f.
14
Suppose -2*i - 59 = 3*o, 89 = -3*i - 7*o + 2*o. Suppose 2*r = -4*l - 30, l = -3*r - 4 - 16. Let s = r - i. What is the greatest common divisor of s and 161?
23
Suppose 3*o - 452 = 109. What is the greatest common divisor of o and 22?
11
Let u = 7 + -1. Suppose 32 = u*i - 4*i. Calculate the highest common factor of i and 144.
16
Let p = 22 + -9. Suppose -2*c - p = -5*g, -g = 2*c - 5*c. Suppose 4 = 3*w - 4*k, g*w + 3*k = 6 + 12. What is the greatest common divisor of w and 32?
4
Let r = 21 + -8. Let a(o) = o**2 - 5*o + 9. Let h be a(8). Let m be 1722/h - (-8)/(-44). What is the greatest common factor of m and r?
13
Suppose -13*z + 10*z = 183. Let v = 65 + z. What is the greatest common factor of v and 10?
2
Let r(k) = k**2 - 12*k + 4. Let d be r(12). Suppose 9 = 5*c - d*c. Calculate the greatest common factor of c and 9.
9
Suppose 5*k = -4*h + 575 + 395, -5*h + 5*k = -1190. Suppose 0*q = 4*q - h. Let r = 9 + 15. What is the greatest common factor of r and q?
12
Let w be ((-6)/5)/3 + (-1656)/(-15). Suppose -w = -3*m + 142. Calculate the greatest common factor of m and 12.
12
Suppose -n + 126 = m + 3*n, -9 = -3*n. What is the highest common divisor of m and 399?
57
Let m = 33 - 6. Let g = 41 - 5. What is the highest common divisor of m and g?
9
Let a(d) = d**2 + 4*d - 3. Let k be a(-6). What is the greatest common factor of k and 27?
9
Suppose -3*h + 1025 = -i, h - 32 = 5*i + 305. Calculate the greatest common divisor of 36 and h.
18
Suppose -6*o + 21 = o. Suppose 5*c - 314 = -4*h, 0*h = 2*c + o*h - 120. Let u be 2/(-4) + (-89)/(-2). Calculate the greatest common factor of c and u.
22
Let q = -3 - -14. Let u be 2124/24 - 2*2/8. What is the highest common divisor of q and u?
11
Suppose -4*j + 23 = -97. Let a(u) = -u**2 - u + 6. Suppose 26*c = 23*c. Let r be a(c). What is the greatest common divisor of j and r?
6
Let c be (12 + -9)/((-4)/(-2))*2. Calculate the greatest common divisor of 69 and c.
3
Let l(j) = -j**2 - 7*j - 9. Let p be l(-6). Let z(a) = -2*a - 7. Let q be z(p). Let s be 18/q*(-15)/9. Calculate the highest common factor of s and 20.
10
Let z be (-2 - (-2)/2)/1. Let r be 3*(14/6 + z). Suppose -3*m = -0 - 15, r*m - 24 = -4*a. Calculate the highest common factor of a and 3.
1
Suppose 0*o = -6*o + 7*o - 33. Let r(y) = y. Let k be r(0). Let q(s) = s + 3. Let j be q(k). What is the highest common divisor of o and j?
3
Suppose 0 = 3*h - h - 32. Suppose p = 2*y + 180, 2*y - 36 - 136 = -p. What is the highest commo